{"id":168,"date":"2023-09-22T17:55:44","date_gmt":"2023-09-22T15:55:44","guid":{"rendered":"https:\/\/cadencedudesert.wordpress.com\/?page_id=168"},"modified":"2024-02-04T10:03:25","modified_gmt":"2024-02-04T09:03:25","slug":"lumiere-du-desert","status":"publish","type":"page","link":"https:\/\/cadencedudesert.com\/?page_id=168","title":{"rendered":"Lumi\u00e8re du d\u00e9sert 7J\/6N"},"content":{"rendered":"\n<p class=\"has-medium-brown-color has-text-color has-link-color wp-elements-81f97b29cb30d0319488974fbed91ac0\" style=\"font-size:14px\">Un trek accompagn\u00e9 de b\u00e9douins et de la caravane de dromadaires.: Ce trek vous permettra de d\u00e9couvrir des paysages spectaculaires : des couchers de soleils, des nuits \u00e9toil\u00e9es et des veill\u00e9es autour du feu.<\/p>\n\n\n\n<div class=\"wp-block-columns is-layout-flex wp-container-core-columns-is-layout-9d6595d7 wp-block-columns-is-layout-flex\">\n<div class=\"wp-block-column is-layout-flow wp-block-column-is-layout-flow\">\n<figure class=\"wp-block-image size-large is-resized is-style-default\"><img loading=\"lazy\" decoding=\"async\" width=\"768\" height=\"1024\" src=\"http:\/\/cadencedudesert.com\/wp-content\/uploads\/2023\/12\/IMG-20231215-WA0082-768x1024.jpg\" alt=\"\" class=\"wp-image-1344\" style=\"object-fit:cover;width:297px;height:300px\" srcset=\"https:\/\/cadencedudesert.com\/wp-content\/uploads\/2023\/12\/IMG-20231215-WA0082-768x1024.jpg 768w, https:\/\/cadencedudesert.com\/wp-content\/uploads\/2023\/12\/IMG-20231215-WA0082-225x300.jpg 225w, https:\/\/cadencedudesert.com\/wp-content\/uploads\/2023\/12\/IMG-20231215-WA0082-1152x1536.jpg 1152w, https:\/\/cadencedudesert.com\/wp-content\/uploads\/2023\/12\/IMG-20231215-WA0082-1200x1600.jpg 1200w, https:\/\/cadencedudesert.com\/wp-content\/uploads\/2023\/12\/IMG-20231215-WA0082.jpg 1536w\" sizes=\"auto, (max-width: 768px) 85vw, 768px\" \/><\/figure>\n<\/div>\n\n\n\n<div class=\"wp-block-column is-layout-flow wp-block-column-is-layout-flow\">\n<ul class=\"has-medium-brown-color has-text-color has-link-color wp-block-list wp-elements-257256085777329e7779c5e84f3b8bad\">\n<li style=\"font-size:14px\">Niveau interm\u00e9diaire (4h \u00e0 5h de marche par jour)<\/li>\n\n\n\n<li style=\"font-size:14px\">1 nuit en bivouac fixe, tout confort<\/li>\n\n\n\n<li style=\"font-size:14px\">5 nuits en bivouac sauvage sous les tentes nomades<\/li>\n\n\n\n<li style=\"font-size:14px\">6 jours \u00e0 pied<\/li>\n<\/ul>\n\n\n\n<div class=\"wp-block-file\"><a id=\"wp-block-file--media-e62934b1-8278-4307-a1d7-f995c0926085\" href=\"https:\/\/cadencedudesert.com\/wp-content\/uploads\/2024\/02\/FicheDetaillee7J6N.pdf\">FicheDetaillee7J6N<\/a><\/div>\n\n\n\n<p class=\"has-medium-brown-color has-text-color\" style=\"font-size:15px\">Une question : cadencedudesert@gmail.com ou sur notre page contact<\/p>\n<\/div>\n<\/div>\n\n\n\n<p class=\"has-medium-brown-color has-text-color has-link-color wp-elements-e1d38e08ab1d2d6c1040b8fc43f89609\" style=\"font-size:14px\">Jour 1 \u2013 au d\u00e9part de Marrakech, de Ouarzazate<\/p>\n\n\n\n<p class=\"has-medium-brown-color has-text-color has-link-color wp-elements-0ab5f16df0d2038e573afd87bb2620a6\" style=\"font-size:14px\">En quittant Marrakech, vous traverserez les montagnes du haut Atlas et des villages berb\u00e8res, une exp\u00e9rience authentique et riches en d\u00e9couvertes culturelles. Vous passerez le col de Tizi n\u2019Tichka , Ensuite vous vous arr\u00eaterez \u00e0 la Kasbah Ait Benhadou, l\u2019un des sites class\u00e9s au patrimoine mondial de l\u2019Unesco.<\/p>\n\n\n\n<p class=\"has-medium-brown-color has-text-color has-link-color wp-elements-349b76c34895b81714a1340a023bd980\" style=\"font-size:14px\">Votre voyage se poursuivra \u00e0 travers la vall\u00e9e du Draa, une oasis pittoresque parsem\u00e9e de palmeraies et d\u2019anciennes kasbah. A l\u2019approche de M\u2019hamid El Ghizlande, la route s\u2019\u00e9loigne entour\u00e9e de vastes \u00e9tendues d\u00e9sertiques vous voil\u00e0 aux portes du d\u00e9sert.<\/p>\n\n\n\n<p class=\"has-medium-brown-color has-text-color has-link-color wp-elements-167d914b9b7b737d4d9771e01ded36d0\" style=\"font-size:14px\">Vous arriverez le soir au bivouac fixe<\/p>\n\n\n\n<p class=\"has-medium-brown-color has-text-color has-link-color wp-elements-6846c55f615f1478d1cf5b5dbdab80aa\" style=\"font-size:14px\">Jour 2<\/p>\n\n\n\n<p class=\"has-medium-brown-color has-text-color has-link-color wp-elements-60aa932cef67744a2abf30b631bfdcd4\" style=\"font-size:14px\">Apr\u00e8s les pr\u00e9sentations de votre \u00e9quipe de b\u00e9douins, nous d\u00e9marrons la caravane de dromadaires vers les dunes de Sidi Neji. Pendant la randonn\u00e9e, nous nous arr\u00eaterons pour le d\u00e9jeuner , puis nous repartirons vers Sidi Naji connu pour le tombeau d&#8217;un ancien marabout du m\u00eame nom. Enfin nous installerons le campement dans un endroit proche des dunes.<\/p>\n\n\n\n<p class=\"has-medium-brown-color has-text-color has-link-color wp-elements-3b29a635e79e7914f14f12abd9618887\" style=\"font-size:14px\">Jour 3<\/p>\n\n\n\n<p class=\"has-medium-brown-color has-text-color has-link-color wp-elements-76c5054a548d2d03e2979c9ed119cd64\" style=\"font-size:14px\">Aujourd\u2019hui, notre destination sera l\u2019Erg Zahar. La randonn\u00e9e commence t\u00f4t le matin afin que vous puissiez explorer ces charmantes dunes de sable. Avant le d\u00e9licieux diner qui vous attend aupr\u00e8s du feu, vous aurez l\u2019occasion de profiter du magnifique coucher de soleil au sommet de la grande dune.<\/p>\n\n\n\n<p class=\"has-medium-brown-color has-text-color has-link-color wp-elements-cbdfe5e217040433a9db027aaba11e7f\" style=\"font-size:14px\">Lorsque la nuit arrive, vous pouvez choisir de le passer sous les \u00e9toiles, admirer le ciel brillant et profiter de la paix et de la tranquillit\u00e9 que ce lieu magnifique vous offre.<\/p>\n\n\n\n<p class=\"has-medium-brown-color has-text-color has-link-color wp-elements-8f1da260f7c5009ddd3a98236456d867\" style=\"font-size:14px\">Jour 4<\/p>\n\n\n\n<p class=\"has-medium-brown-color has-text-color has-link-color wp-elements-990b7ad62e97c27032fa04a1f5251a33\" style=\"font-size:14px\">Cette nouvelle journ\u00e9e, vous conduira vers l\u2019Erg Smar, sur les traces d\u2019anciennes habitations nomades . En soir\u00e9e une pourrez faire une balade pour rejoindre le puit nos dromadaires iront s\u2019abreuver. Ce sera l\u2019occasion d\u2019une douche naturelle pour vous rafra\u00eechir.<\/p>\n\n\n\n<p class=\"has-medium-brown-color has-text-color has-link-color wp-elements-fbdd57268cda5c64c5de7a2e1dd6efcc\" style=\"font-size:14px\">Jour 5<\/p>\n\n\n\n<p class=\"has-medium-brown-color has-text-color has-link-color wp-elements-dfccaca571418d0b6ef23be419f89fde\" style=\"font-size:14px\">Au lever du soleil, vous vous dirigerez vers Ait Ounir.<\/p>\n\n\n\n<p class=\"has-medium-brown-color has-text-color has-link-color wp-elements-748b154560ddfee268eff457c263d1e6\" style=\"font-size:14px\">En passant par la vall\u00e9e du Draa, vous pourrez observer les dromadaires dans leur habitat naturel. C\u2019est l\u2019occasion de d\u00e9couvrir la culture et le mode de vie des nomades.<\/p>\n\n\n\n<p class=\"has-medium-brown-color has-text-color has-link-color wp-elements-064aeb9dda7f30282ba7dc60c58e3eb9\" style=\"font-size:14px\">Jour 6<\/p>\n\n\n\n<p class=\"has-medium-brown-color has-text-color has-link-color wp-elements-1d15a4385a9e211f0a8c783896f581b9\" style=\"font-size:14px\">Cette nouvelle journ\u00e9e vous conduira vers l\u2019Erg Douib.<\/p>\n\n\n\n<p class=\"has-medium-brown-color has-text-color has-link-color wp-elements-8e4abf4c9595a3c949669148dab7ca9f\" style=\"font-size:14px\">Avant de quitter le bivouac, une promenade \u00e0 dos de dromadaires vous sera propos\u00e9e.<\/p>\n\n\n\n<p class=\"has-medium-brown-color has-text-color has-link-color wp-elements-a281adeb7e330de4b66048ebd390ddb0\" style=\"font-size:14px\">Puis nous continuerons notre trek \u00e0 travers des paysages d\u00e9sertiques.<\/p>\n\n\n\n<p class=\"has-medium-brown-color has-text-color has-link-color wp-elements-faaaa3814e6703830b446352c84d1a36\" style=\"font-size:14px\">Jour 7<\/p>\n\n\n\n<p class=\"has-medium-brown-color has-text-color has-link-color wp-elements-834cb6c7d1d74124c94cf4efbb1f3fef\" style=\"font-size:14px\">Apr\u00e8s un dernier petit d\u00e9jeuner dans le d\u00e9sert, nous retournons vers le bivouac fixe ou nous pourrons se doucher.<\/p>\n\n\n\n<p class=\"has-medium-brown-color has-text-color has-link-color wp-elements-4e0351042ee454feac8fa431bff63f01\" style=\"font-size:14px\">Avant de prendre la route pour Marrakech, Ouarzazate ou Agadir, un dernier th\u00e9 vous sera servi pour  profiter des derniers moments dans le d\u00e9sert.<\/p>\n","protected":false},"excerpt":{"rendered":"<p>Un trek accompagn\u00e9 de b\u00e9douins et de la caravane de dromadaires.: Ce trek vous permettra de d\u00e9couvrir des paysages spectaculaires : des couchers de soleils, des nuits \u00e9toil\u00e9es et des veill\u00e9es autour du feu. Une question : cadencedudesert@gmail.com ou sur notre page contact Jour 1 \u2013 au d\u00e9part de Marrakech, de Ouarzazate En quittant Marrakech, &hellip; <a href=\"https:\/\/cadencedudesert.com\/?page_id=168\" class=\"more-link\">Continue reading<span class=\"screen-reader-text\"> &#8220;Lumi\u00e8re du d\u00e9sert 7J\/6N&#8221;<\/span><\/a><\/p>\n","protected":false},"author":1,"featured_media":0,"parent":0,"menu_order":0,"comment_status":"closed","ping_status":"closed","template":"","meta":{"footnotes":""},"class_list":["post-168","page","type-page","status-publish","hentry"],"aioseo_notices":[],"_links":{"self":[{"href":"https:\/\/cadencedudesert.com\/index.php?rest_route=\/wp\/v2\/pages\/168","targetHints":{"allow":["GET"]}}],"collection":[{"href":"https:\/\/cadencedudesert.com\/index.php?rest_route=\/wp\/v2\/pages"}],"about":[{"href":"https:\/\/cadencedudesert.com\/index.php?rest_route=\/wp\/v2\/types\/page"}],"author":[{"embeddable":true,"href":"https:\/\/cadencedudesert.com\/index.php?rest_route=\/wp\/v2\/users\/1"}],"replies":[{"embeddable":true,"href":"https:\/\/cadencedudesert.com\/index.php?rest_route=%2Fwp%2Fv2%2Fcomments&post=168"}],"version-history":[{"count":10,"href":"https:\/\/cadencedudesert.com\/index.php?rest_route=\/wp\/v2\/pages\/168\/revisions"}],"predecessor-version":[{"id":1656,"href":"https:\/\/cadencedudesert.com\/index.php?rest_route=\/wp\/v2\/pages\/168\/revisions\/1656"}],"wp:attachment":[{"href":"https:\/\/cadencedudesert.com\/index.php?rest_route=%2Fwp%2Fv2%2Fmedia&parent=168"}],"curies":[{"name":"wp","href":"https:\/\/api.w.org\/{rel}","templated":true}]}}