{"id":487,"date":"2023-09-28T16:13:54","date_gmt":"2023-09-28T14:13:54","guid":{"rendered":"https:\/\/cadencedudesert.wordpress.com\/?page_id=487"},"modified":"2025-10-12T15:39:45","modified_gmt":"2025-10-12T13:39:45","slug":"cadence-du-desert-6-j-5-n","status":"publish","type":"page","link":"https:\/\/cadencedudesert.com\/?page_id=487","title":{"rendered":"Cadence du d\u00e9sert 6J\/5N"},"content":{"rendered":"\n<p class=\"has-medium-brown-color has-text-color has-link-color wp-elements-7536f4fc32e1c45b9af7031130d651ee\" style=\"font-size:15px\">Un trek au rythme de la caravane de dromadaires pour d\u00e9couvrir les plus beaux ergs de la vall\u00e9e du Draa<\/p>\n\n\n\n<div class=\"wp-block-columns is-layout-flex wp-container-core-columns-is-layout-9d6595d7 wp-block-columns-is-layout-flex\">\n<div class=\"wp-block-column is-layout-flow wp-block-column-is-layout-flow\">\n<figure class=\"wp-block-image size-full is-style-rounded\"><img loading=\"lazy\" decoding=\"async\" width=\"1536\" height=\"2048\" src=\"https:\/\/cadencedudesert.com\/wp-content\/uploads\/2023\/12\/IMG-20231215-WA0097.jpg\" alt=\"\" class=\"wp-image-1359\" style=\"aspect-ratio:3\/2;object-fit:cover\" srcset=\"https:\/\/cadencedudesert.com\/wp-content\/uploads\/2023\/12\/IMG-20231215-WA0097.jpg 1536w, https:\/\/cadencedudesert.com\/wp-content\/uploads\/2023\/12\/IMG-20231215-WA0097-225x300.jpg 225w, https:\/\/cadencedudesert.com\/wp-content\/uploads\/2023\/12\/IMG-20231215-WA0097-768x1024.jpg 768w, https:\/\/cadencedudesert.com\/wp-content\/uploads\/2023\/12\/IMG-20231215-WA0097-1152x1536.jpg 1152w, https:\/\/cadencedudesert.com\/wp-content\/uploads\/2023\/12\/IMG-20231215-WA0097-1200x1600.jpg 1200w\" sizes=\"auto, (max-width: 709px) 85vw, (max-width: 909px) 67vw, (max-width: 1362px) 62vw, 840px\" \/><\/figure>\n<\/div>\n\n\n\n<div class=\"wp-block-column is-layout-flow wp-block-column-is-layout-flow\" style=\"flex-basis:390px\">\n<ul class=\"wp-block-list has-medium-brown-color has-text-color has-link-color wp-elements-ebecfffacdd84e4efa020dd2507d71ac\">\n<li style=\"font-size:14px\">Niveau interm\u00e9diaire (4 \u00e0 5h de marche par jour)<\/li>\n\n\n\n<li style=\"font-size:14px\">1 nuit en bivouac fixe, tout confort<\/li>\n\n\n\n<li style=\"font-size:14px\">4 nuits en bivouac sauvage sous les tentes nomades<\/li>\n\n\n\n<li style=\"font-size:14px\">5 jours \u00e0 pied<\/li>\n\n\n\n<li style=\"font-size:14px\">Adapt\u00e9 aux familles, accessible aux enfants d\u00e8s 5 ans ou pour ceux ayant des difficult\u00e9s \u00e0 marcher (avec dromadaire de selle) <\/li>\n<\/ul>\n\n\n\n<div class=\"wp-block-file\"><a id=\"wp-block-file--media-efbc2fa3-c456-45d4-b2ff-1ca71a3b1056\" href=\"https:\/\/cadencedudesert.com\/wp-content\/uploads\/2024\/02\/FicheDetaillee6J5N.pdf\">FicheDetaillee6J5N<\/a><\/div>\n\n\n\n<p class=\"has-medium-brown-color has-text-color\" style=\"font-size:15px\">Une question : cadencedudesert@gmail.com ou sur notre page contact<\/p>\n<\/div>\n<\/div>\n\n\n\n<p class=\"has-medium-brown-color has-text-color has-link-color wp-elements-252c536cdfef6703cb7615634e4c7b76\" style=\"font-size:14px\">Jour 1 \u2013 Au d\u00e9part de Marrakech, de Ouarzazate ou d&#8217;Agadir ou de M&#8217;hamid<\/p>\n\n\n\n<p class=\"has-medium-brown-color has-text-color has-link-color wp-elements-0ab5f16df0d2038e573afd87bb2620a6\" style=\"font-size:14px\">En quittant Marrakech, vous traverserez les montagnes du haut Atlas et des villages berb\u00e8res, une exp\u00e9rience authentique et riches en d\u00e9couvertes culturelles. Vous passerez le col de Tizi n\u2019Tichka , Ensuite vous vous arr\u00eaterez \u00e0 la Kasbah Ait Benhadou, l\u2019un des sites class\u00e9s au patrimoine mondial de l\u2019Unesco.<\/p>\n\n\n\n<p class=\"has-medium-brown-color has-text-color has-link-color wp-elements-349b76c34895b81714a1340a023bd980\" style=\"font-size:14px\">Votre voyage se poursuivra \u00e0 travers la vall\u00e9e du Draa, une oasis pittoresque parsem\u00e9e de palmeraies et d\u2019anciennes kasbah. A l\u2019approche de M\u2019hamid El Ghizlande, la route s\u2019\u00e9loigne entour\u00e9e de vastes \u00e9tendues d\u00e9sertiques vous voil\u00e0 aux portes du d\u00e9sert.<\/p>\n\n\n\n<p class=\"has-medium-brown-color has-text-color has-link-color wp-elements-167d914b9b7b737d4d9771e01ded36d0\" style=\"font-size:14px\">Vous arriverez le soir au bivouac fixe<\/p>\n\n\n\n<p class=\"has-medium-brown-color has-text-color has-link-color wp-elements-6846c55f615f1478d1cf5b5dbdab80aa\" style=\"font-size:14px\">Jour 2<\/p>\n\n\n\n<p class=\"has-medium-brown-color has-text-color has-link-color wp-elements-60aa932cef67744a2abf30b631bfdcd4\" style=\"font-size:14px\">Apr\u00e8s les pr\u00e9sentations de votre \u00e9quipe de b\u00e9douins, nous d\u00e9marrons la caravane de dromadaires vers les dunes de Sidi Neji. Pendant la randonn\u00e9e, nous nous arr\u00eaterons pour le d\u00e9jeuner , puis nous repartirons vers Sidi Naji connu pour le tombeau d&#8217;un ancien marabout du m\u00eame nom. Enfin nous installerons le campement dans un endroit proche des dunes.<\/p>\n\n\n\n<p class=\"has-medium-brown-color has-text-color has-link-color wp-elements-3b29a635e79e7914f14f12abd9618887\" style=\"font-size:14px\">Jour 3<\/p>\n\n\n\n<p class=\"has-medium-brown-color has-text-color has-link-color wp-elements-76c5054a548d2d03e2979c9ed119cd64\" style=\"font-size:14px\">Aujourd\u2019hui, notre destination sera l\u2019Erg Zahar. La randonn\u00e9e commence t\u00f4t le matin afin que vous puissiez explorer ces charmantes dunes de sable. Avant le d\u00e9licieux diner qui vous attend aupr\u00e8s du feu, vous aurez l\u2019occasion de profiter du magnifique coucher de soleil au sommet de la grande dune.<\/p>\n\n\n\n<p class=\"has-medium-brown-color has-text-color has-link-color wp-elements-cbdfe5e217040433a9db027aaba11e7f\" style=\"font-size:14px\">Lorsque la nuit arrive, vous pouvez choisir de le passer sous les \u00e9toiles, admirer le ciel brillant et profiter de la paix et de la tranquillit\u00e9 que ce lieu magnifique vous offre.<\/p>\n\n\n\n<p class=\"has-medium-brown-color has-text-color has-link-color wp-elements-8f1da260f7c5009ddd3a98236456d867\" style=\"font-size:14px\">Jour 4<\/p>\n\n\n\n<p class=\"has-medium-brown-color has-text-color has-link-color wp-elements-dfccaca571418d0b6ef23be419f89fde\" style=\"font-size:14px\">Au lever du soleil, vous vous dirigerez vers Ait Ounir.<\/p>\n\n\n\n<p class=\"has-medium-brown-color has-text-color has-link-color wp-elements-748b154560ddfee268eff457c263d1e6\" style=\"font-size:14px\">En passant par la vall\u00e9e du Draa, vous pourrez observer les dromadaires dans leur habitat naturel. C\u2019est l\u2019occasion de d\u00e9couvrir la culture et le mode de vie des nomades.<\/p>\n\n\n\n<p class=\"has-medium-brown-color has-text-color has-link-color wp-elements-fbdd57268cda5c64c5de7a2e1dd6efcc\" style=\"font-size:14px\">Jour 5<\/p>\n\n\n\n<p class=\"has-medium-brown-color has-text-color has-link-color wp-elements-1d15a4385a9e211f0a8c783896f581b9\" style=\"font-size:14px\">Cette nouvelle journ\u00e9e vous conduira vers l\u2019Erg Douib.<\/p>\n\n\n\n<p class=\"has-medium-brown-color has-text-color has-link-color wp-elements-8e4abf4c9595a3c949669148dab7ca9f\" style=\"font-size:14px\">Avant de quitter le bivouac, une promenade \u00e0 dos de dromadaires vous sera propos\u00e9e.<\/p>\n\n\n\n<p class=\"has-medium-brown-color has-text-color has-link-color wp-elements-a281adeb7e330de4b66048ebd390ddb0\" style=\"font-size:14px\">Puis nous continuerons notre trek \u00e0 travers des paysages d\u00e9sertiques.<\/p>\n\n\n\n<p class=\"has-medium-brown-color has-text-color has-link-color wp-elements-064aeb9dda7f30282ba7dc60c58e3eb9\" style=\"font-size:14px\">Jour 6<\/p>\n\n\n\n<p class=\"has-medium-brown-color has-text-color has-link-color wp-elements-834cb6c7d1d74124c94cf4efbb1f3fef\" style=\"font-size:14px\">Apr\u00e8s un dernier petit d\u00e9jeuner dans le d\u00e9sert, nous retournons vers le bivouac fixe ou nous pourrons se doucher.<\/p>\n\n\n\n<p class=\"has-medium-brown-color has-text-color has-link-color wp-elements-81e191ff389f92a7f232c15080f3f1ed\" style=\"font-size:14px\">Avant de prendre la route pour Marrakech, Ouarzazate ou Agadir, un dernier th\u00e9 vous sera servi afin de profiter des derniers moments dans le d\u00e9sert.<\/p>\n","protected":false},"excerpt":{"rendered":"<p>Un trek au rythme de la caravane de dromadaires pour d\u00e9couvrir les plus beaux ergs de la vall\u00e9e du Draa Une question : cadencedudesert@gmail.com ou sur notre page contact Jour 1 \u2013 Au d\u00e9part de Marrakech, de Ouarzazate ou d&#8217;Agadir ou de M&#8217;hamid En quittant Marrakech, vous traverserez les montagnes du haut Atlas et des &hellip; <a href=\"https:\/\/cadencedudesert.com\/?page_id=487\" class=\"more-link\">Continue reading<span class=\"screen-reader-text\"> &#8220;Cadence du d\u00e9sert 6J\/5N&#8221;<\/span><\/a><\/p>\n","protected":false},"author":1,"featured_media":0,"parent":0,"menu_order":0,"comment_status":"closed","ping_status":"closed","template":"","meta":{"footnotes":""},"class_list":["post-487","page","type-page","status-publish","hentry"],"aioseo_notices":[],"_links":{"self":[{"href":"https:\/\/cadencedudesert.com\/index.php?rest_route=\/wp\/v2\/pages\/487","targetHints":{"allow":["GET"]}}],"collection":[{"href":"https:\/\/cadencedudesert.com\/index.php?rest_route=\/wp\/v2\/pages"}],"about":[{"href":"https:\/\/cadencedudesert.com\/index.php?rest_route=\/wp\/v2\/types\/page"}],"author":[{"embeddable":true,"href":"https:\/\/cadencedudesert.com\/index.php?rest_route=\/wp\/v2\/users\/1"}],"replies":[{"embeddable":true,"href":"https:\/\/cadencedudesert.com\/index.php?rest_route=%2Fwp%2Fv2%2Fcomments&post=487"}],"version-history":[{"count":18,"href":"https:\/\/cadencedudesert.com\/index.php?rest_route=\/wp\/v2\/pages\/487\/revisions"}],"predecessor-version":[{"id":2276,"href":"https:\/\/cadencedudesert.com\/index.php?rest_route=\/wp\/v2\/pages\/487\/revisions\/2276"}],"wp:attachment":[{"href":"https:\/\/cadencedudesert.com\/index.php?rest_route=%2Fwp%2Fv2%2Fmedia&parent=487"}],"curies":[{"name":"wp","href":"https:\/\/api.w.org\/{rel}","templated":true}]}}