{"id":793,"date":"2023-10-20T17:09:32","date_gmt":"2023-10-20T15:09:32","guid":{"rendered":"https:\/\/cadencedudesert.wordpress.com\/?page_id=793"},"modified":"2025-08-17T17:37:52","modified_gmt":"2025-08-17T15:37:52","slug":"lequipement","status":"publish","type":"page","link":"https:\/\/cadencedudesert.com\/?page_id=793","title":{"rendered":"L&#8217;\u00e9quipement"},"content":{"rendered":"\n<h1 class=\"wp-block-heading has-medium-brown-color has-text-color has-link-color has-medium-font-size wp-elements-c5e34a40cc925ddef1cc4b97671ab37d\">Vos bagages vous accompagneront tout au long du trek. Les dromadaires transporteront un sac contenant vos affaires personnelles, tandis que vous aurez un petit sac \u00e0 dos pour emporter les objets que vous souhaitez avoir \u00e0 port\u00e9e de main.<\/h1>\n\n\n\n<figure class=\"wp-block-image size-full is-resized\"><img loading=\"lazy\" decoding=\"async\" width=\"696\" height=\"928\" src=\"https:\/\/cadencedudesert.com\/wp-content\/uploads\/2023\/12\/IMG_20200219_071120.jpg\" alt=\"\" class=\"wp-image-1204\" style=\"aspect-ratio:1.3333333333333333;width:455px;height:auto\" srcset=\"https:\/\/cadencedudesert.com\/wp-content\/uploads\/2023\/12\/IMG_20200219_071120.jpg 696w, https:\/\/cadencedudesert.com\/wp-content\/uploads\/2023\/12\/IMG_20200219_071120-225x300.jpg 225w\" sizes=\"auto, (max-width: 696px) 85vw, 696px\" \/><\/figure>\n\n\n\n<h3 class=\"wp-block-heading has-medium-brown-color has-text-color has-link-color wp-elements-b10c845cc6c5b339cafe007f8b8ddd9c\" style=\"font-size:25px\">Voici quelques \u00e9l\u00e9ments essentiels \u00e0 inclure :<br>\u200b<\/h3>\n\n\n\n<ul class=\"wp-block-list has-medium-brown-color has-text-color has-link-color wp-elements-fa6e783a0173665235b30df58293f04b\">\n<li style=\"font-size:14px\">Gourde ou bouteille d&#8217;eau : C&#8217;est un must pour rester hydrat\u00e9 pendant la randonn\u00e9e.<\/li>\n\n\n\n<li style=\"font-size:14px\">Cr\u00e8me solaire \u00e0 indice de protection \u00e9lev\u00e9 : Le soleil du d\u00e9sert peut \u00eatre tr\u00e8s fort, il est donc important de prot\u00e9ger votre peau.<\/li>\n\n\n\n<li style=\"font-size:14px\">Lunettes de soleil : Pour prot\u00e9ger vos yeux des rayons UV et du sable.<\/li>\n\n\n\n<li style=\"font-size:14px\">Appareil photo : Vous aurez s\u00fbrement envie de capturer les magnifiques paysages du d\u00e9sert.<\/li>\n<\/ul>\n\n\n\n<p class=\"has-medium-brown-color has-text-color has-link-color wp-elements-ecc75af4936d9dda5cc0356b502f060d\" style=\"font-size:14px\">&nbsp;&nbsp;&nbsp;&nbsp;&nbsp;&nbsp;&nbsp;&nbsp;&nbsp;&nbsp;&nbsp;&nbsp;&nbsp;&nbsp;&nbsp;&nbsp;&nbsp;&nbsp;&nbsp;&nbsp;&nbsp;&nbsp;&nbsp;&nbsp;&nbsp;&nbsp;&nbsp;&nbsp;&nbsp;&nbsp;&nbsp;&nbsp;&nbsp;&nbsp;&nbsp;&nbsp;&nbsp;&nbsp;&nbsp;&nbsp;&nbsp;&nbsp;&nbsp;&nbsp;&nbsp;&nbsp;&nbsp;&nbsp;&nbsp;&nbsp;&nbsp;&nbsp;&nbsp;&nbsp;&nbsp;<br>Les journ\u00e9es, m\u00eame en hiver, peuvent \u00eatre chaudes, alors pr\u00e9parez des v\u00eatements l\u00e9gers adapt\u00e9s \u00e0 la randonn\u00e9e.&nbsp;Les nuits sont plus fra\u00eeches, et peuvent m\u00eame \u00eatre tr\u00e8s froides en hiver, alors n&#8217;oubliez pas de prendre un sac de couchage adapt\u00e9 aux temp\u00e9ratures n\u00e9gatives.<br><br>Pour votre hygi\u00e8ne personnelle, pr\u00e9voyez d&#8217;emporter des lingettes pour b\u00e9b\u00e9, du papier toilette et un briquet.<br>&nbsp;<br>Il est important de noter que lors de ces randonn\u00e9es, nous adoptons une politique de non pollution, c&#8217;est pourquoi il est crucial d&#8217;emporter avec soi tous les d\u00e9chets que nous produisons.<\/p>\n\n\n\n<p class=\"has-medium-brown-color has-text-color has-link-color wp-elements-333d2802378562ffc85f4ad5c4eb8bb8\" style=\"font-size:14px\"><strong>Il est tout \u00e0 fait possible de laisser son sac de voyage au bivouac fixe pendant la dur\u00e9e du trek (affaires pour le retour ou affaires fragiles), ca qui vous permettra de voyager uniquement avec le n\u00e9cessaire au s\u00e9jour dans le d\u00e9sert.<\/strong><\/p>\n\n\n\n<h2 class=\"wp-block-heading has-medium-brown-color has-text-color has-link-color wp-elements-1b2c09eee4fc769e08fa12d926072363\" style=\"font-size:25px\">L&#8217;\u00e9quipement pour le trek<\/h2>\n\n\n\n<p class=\"has-medium-brown-color has-text-color has-link-color wp-elements-9f5860294ec0e16639b0ff3c12c0da4c\" style=\"font-size:14px\">&nbsp;<strong>\u2022 <\/strong>Des v\u00eatements amples et l\u00e9gers qui laissent passer l\u2019air<\/p>\n\n\n\n<p class=\"has-medium-brown-color has-text-color has-link-color wp-elements-c49a079d6dbb41a4730ee676340cfb91\" style=\"font-size:14px\"><strong>\u2022 <\/strong>Chemises l\u00e9g\u00e8res \u00e0 manches longues en coton, T-shirt \u00e9ventuellement trait\u00e9 anti UV<\/p>\n\n\n\n<p class=\"has-medium-brown-color has-text-color has-link-color wp-elements-fe4f5eba29341a20d09ef1fe5229b088\" style=\"font-size:14px\">\u2022 Pantalons l\u00e9gers de randonn\u00e9e<\/p>\n\n\n\n<p class=\"has-medium-brown-color has-text-color has-link-color wp-elements-dceddbf99d0c3f67610f9b5fa2268b65\" style=\"font-size:14px\">\u2022 Veste polaire et veste imperm\u00e9able ou blouson l\u00e9ger pour se prot\u00e9ger du froid, du vent, de la pluie<\/p>\n\n\n\n<p class=\"has-medium-brown-color has-text-color has-link-color wp-elements-927a123a7a85b6e48ab295d4075f8fbf\" style=\"font-size:14px\">\u2022 Casquette, foulard, chapeau, bonnet ou cagoule, gants, cale\u00e7on long, pantalon chaud, pull, sous-pull pour la nuit<\/p>\n\n\n\n<p class=\"has-medium-brown-color has-text-color has-link-color wp-elements-b7dfcb4de429a7a0b8ece1341e5c36bf\" style=\"font-size:14px\">\u2022 Plusieurs paires de chaussettes l\u00e9g\u00e8res pour la journ\u00e9e<\/p>\n\n\n\n<p class=\"has-medium-brown-color has-text-color has-link-color wp-elements-ea44aa569bfaf02670953161b4a67968\" style=\"font-size:14px\">\u2022 1 paire de chaussure de marche l\u00e9g\u00e8res, bonnes baskets ou sandale de sport ouverte. (Les chaussures de montagne hautes et rigides ne sont pas les plus adapt\u00e9es). Vous devez porter des chaussures confortables qui soutiennent les pieds lorsque vous marchez dans le sable.<\/p>\n\n\n\n<p class=\"has-medium-brown-color has-text-color has-link-color wp-elements-8173381436eb07880e2a9910933f8920\" style=\"font-size:14px\"><strong>Le Ch\u00e9che<\/strong>, l\u2019accessoire indispensable : En le nouant autour de la t\u00eate, et en laissant d\u00e9passer l\u2019une de ses extr\u00e9mit\u00e9s de plusieurs dizaines de centim\u00e8tres, il permet selon les situations de prot\u00e9ger la t\u00eate, le cou et le visage face \u00e0 la chaleur, au soleil, au froid, voire au sable lorsque celui-ci est soulev\u00e9 par une temp\u00eate\u2026<\/p>\n\n\n\n<p class=\"has-medium-brown-color has-text-color has-link-color wp-elements-942a4addd24deab978f017e8a66d3681\" style=\"font-size:14px\">Achat possible en route, \u00e0 M\u2019hamid ou au bivouac fixe ;  Les nomades vous aideront \u00e0 porter le ch\u00e8che sur votre t\u00eate.<\/p>\n\n\n\n<p class=\"has-medium-brown-color has-text-color has-link-color wp-elements-75ad169e95cad5db41d72514fd897fd0\" style=\"font-size:14px\">\u2022 Lampe frontale<\/p>\n\n\n\n<p class=\"has-medium-brown-color has-text-color has-link-color wp-elements-038116e39348cf3d67e5309c3545bc28\" style=\"font-size:14px\">\u2022 Une gourde de 50 cl ou un litre. L&#8217;eau min\u00e9rale sera fournie.<\/p>\n\n\n\n<p class=\"has-medium-brown-color has-text-color has-link-color wp-elements-075cb2a1f544271ba84c5a848eee1487\" style=\"font-size:14px\">\u2022 Batterie solaire rechargeable ou petit panneau solaire pour charger les batteries<\/p>\n\n\n\n<p class=\"has-medium-brown-color has-text-color has-link-color wp-elements-24ed223f0448f5a6ef32c1bdbd721bbd\" style=\"font-size:14px\">\u2022 Un sac de couchage \u00e0 adapter selon la saison&nbsp;<\/p>\n\n\n\n<p class=\"has-medium-brown-color has-text-color has-link-color wp-elements-20dc79eb7a71eddd15f04ce7e053bb9e\" style=\"font-size:14px\">\u2022 Papier toilette et un briquet pour br\u00fbler votre papier.<\/p>\n\n\n\n<p class=\"has-medium-brown-color has-text-color has-link-color wp-elements-18a123077395db0b4c332afefec8e41c\" style=\"font-size:14px\"> . Gand de crin&nbsp;: \u00e0 d\u00e9faut de douche, se frotter \u00e0 sec permet un nettoyage en profondeur<\/p>\n\n\n\n<p class=\"has-medium-brown-color has-text-color has-link-color wp-elements-84fcba6e6b2140c85d1623047b225206\" style=\"font-size:14px\">  . Lingettes \u00e0 99% d\u2019eau qui sera \u00e0 jeter dans le feu<\/p>\n\n\n\n<p class=\"has-medium-brown-color has-text-color has-link-color wp-elements-1e26163c9d9cff453c1a81b3175eaffa\" style=\"font-size:14px\">\u2022 Lunette de soleil et cr\u00e8me solaire indice 50<\/p>\n\n\n\n<p class=\"has-medium-brown-color has-text-color has-link-color wp-elements-3b53d2480ed46ca477ed343a9a0d87e1\" style=\"font-size:14px\">\u2022 Masque de ski ou lunette de ski pour les yeux fragiles en cas de temp\u00eate de sable<\/p>\n\n\n\n<p class=\"has-medium-brown-color has-text-color has-link-color wp-elements-a16684be6b1927b27628ba5b77ced0ea\" style=\"font-size:14px\">\u2022 Une pochette \u00e9tanche pour les documents importants, t\u00e9l\u00e9phone, appareil photo<\/p>\n\n\n\n<p class=\"has-medium-brown-color has-text-color has-link-color wp-elements-766a90984d30b464a5286204004b65c1\" style=\"font-size:14px\">\u2022 B\u00e2tons de marche (facultatif)<\/p>\n\n\n\n<p class=\"has-medium-brown-color has-text-color has-link-color wp-elements-90f04215ceb6263432b4f654f4f066d0\" style=\"font-size:14px\">\u2022 Une paire de jumelle (facultatif)<\/p>\n\n\n\n<h1 class=\"wp-block-heading has-medium-brown-color has-text-color has-link-color wp-elements-4c54a7c77b018fe443a50c550b410dbf\" style=\"font-size:25px\"><strong>La trousse m\u00e9dicale de voyage<\/strong><\/h1>\n\n\n\n<p class=\"has-medium-brown-color has-text-color has-link-color wp-elements-d7d26984901ba7057227b693193ae16c\" style=\"font-size:14px\">\u2022 Trousse de premiers soins (pansements pour les ampoules, pince \u00e0 \u00e9piler, antiseptique&#8230;)<\/p>\n\n\n\n<p class=\"has-medium-brown-color has-text-color has-link-color wp-elements-6a56e90fc0c54bb43188a584a6582717\" style=\"font-size:14px\">\u2022 Produits pour la toilette sans eau : lingettes, lotion sans rin\u00e7age (sans alcool), produit de rin\u00e7age des yeux et du nez (s\u00e9rum physiologique), shampooing sec<\/p>\n\n\n\n<p class=\"has-medium-brown-color has-text-color has-link-color wp-elements-4e99d7fb682bc4231ebc33cd8d6fde36\" style=\"font-size:14px\">\u2022 M\u00e9dicaments : Antalgique, anti-inflammatoire, anti-naus\u00e9eux, anti-diarrh\u00e9ique, antispasmodique, solution r\u00e9hydratante<\/p>\n\n\n\n<p class=\"has-medium-brown-color has-text-color has-link-color wp-elements-7c791fb6204e364c9b50383a382d18c0\" style=\"font-size:14px\">\u2022 Ou la pharmacie naturelle : HE Origan compact (antibact\u00e9rien, infection intestinale), HE menthe poivr\u00e9e (maux de t\u00eate, migraine, mal des transports), HE Helichryse italienne (bleus, bosses, tendinites), Gault\u00e9rie couch\u00e9e (tendinite, douleurs articulaires, musculaires), HE Lavande Aspic (piqures, brulures, coup de soleil, HE Tea Tree (plaie, boutons), HE Ravintsara (rhume, toux)<\/p>\n","protected":false},"excerpt":{"rendered":"<p>Vos bagages vous accompagneront tout au long du trek. Les dromadaires transporteront un sac contenant vos affaires personnelles, tandis que vous aurez un petit sac \u00e0 dos pour emporter les objets que vous souhaitez avoir \u00e0 port\u00e9e de main. Voici quelques \u00e9l\u00e9ments essentiels \u00e0 inclure :\u200b &nbsp;&nbsp;&nbsp;&nbsp;&nbsp;&nbsp;&nbsp;&nbsp;&nbsp;&nbsp;&nbsp;&nbsp;&nbsp;&nbsp;&nbsp;&nbsp;&nbsp;&nbsp;&nbsp;&nbsp;&nbsp;&nbsp;&nbsp;&nbsp;&nbsp;&nbsp;&nbsp;&nbsp;&nbsp;&nbsp;&nbsp;&nbsp;&nbsp;&nbsp;&nbsp;&nbsp;&nbsp;&nbsp;&nbsp;&nbsp;&nbsp;&nbsp;&nbsp;&nbsp;&nbsp;&nbsp;&nbsp;&nbsp;&nbsp;&nbsp;&nbsp;&nbsp;&nbsp;&nbsp;&nbsp;Les journ\u00e9es, m\u00eame en hiver, peuvent \u00eatre chaudes, alors &hellip; <a href=\"https:\/\/cadencedudesert.com\/?page_id=793\" class=\"more-link\">Continue reading<span class=\"screen-reader-text\"> &#8220;L&#8217;\u00e9quipement&#8221;<\/span><\/a><\/p>\n","protected":false},"author":1,"featured_media":0,"parent":0,"menu_order":0,"comment_status":"closed","ping_status":"closed","template":"","meta":{"footnotes":""},"class_list":["post-793","page","type-page","status-publish","hentry"],"aioseo_notices":[],"_links":{"self":[{"href":"https:\/\/cadencedudesert.com\/index.php?rest_route=\/wp\/v2\/pages\/793","targetHints":{"allow":["GET"]}}],"collection":[{"href":"https:\/\/cadencedudesert.com\/index.php?rest_route=\/wp\/v2\/pages"}],"about":[{"href":"https:\/\/cadencedudesert.com\/index.php?rest_route=\/wp\/v2\/types\/page"}],"author":[{"embeddable":true,"href":"https:\/\/cadencedudesert.com\/index.php?rest_route=\/wp\/v2\/users\/1"}],"replies":[{"embeddable":true,"href":"https:\/\/cadencedudesert.com\/index.php?rest_route=%2Fwp%2Fv2%2Fcomments&post=793"}],"version-history":[{"count":8,"href":"https:\/\/cadencedudesert.com\/index.php?rest_route=\/wp\/v2\/pages\/793\/revisions"}],"predecessor-version":[{"id":2242,"href":"https:\/\/cadencedudesert.com\/index.php?rest_route=\/wp\/v2\/pages\/793\/revisions\/2242"}],"wp:attachment":[{"href":"https:\/\/cadencedudesert.com\/index.php?rest_route=%2Fwp%2Fv2%2Fmedia&parent=793"}],"curies":[{"name":"wp","href":"https:\/\/api.w.org\/{rel}","templated":true}]}}