{"id":87,"date":"2023-09-21T17:34:23","date_gmt":"2023-09-21T15:34:23","guid":{"rendered":"https:\/\/cadencedudesert.wordpress.com\/?page_id=87"},"modified":"2025-08-17T17:39:16","modified_gmt":"2025-08-17T15:39:16","slug":"nos-conseils-2","status":"publish","type":"page","link":"https:\/\/cadencedudesert.com\/?page_id=87","title":{"rendered":"Nos conseils"},"content":{"rendered":"\n<p class=\"has-medium-brown-color has-text-color has-link-color wp-elements-096d11633fe16e2b6c8ab5842180e8f7\" style=\"font-size:20px\"><strong>Les formalit\u00e9s<\/strong><\/p>\n\n\n\n<p class=\"has-medium-brown-color has-text-color has-link-color wp-elements-1a2eb7737a687a8d0c63caa3c140c798\" style=\"font-size:14px\">\u00b7 Avoir un passeport valide, couvrant la dur\u00e9e du s\u00e9jour.<\/p>\n\n\n\n<p class=\"has-medium-brown-color has-text-color has-link-color wp-elements-78ab16de3f160d9fc22e5c05db49c4d8\" style=\"font-size:14px\">\u00b7 Souscrire \u00e0 une assurance rapatriement &amp; assistance avant votre arriv\u00e9e au Maroc (Certains contrats d\u2019assurances habitations et assurances civiles l\u2019int\u00e8grent ou les cartes bancaires haut de gamme). Prendre la copie de l\u2019attestation pour le voyage.<\/p>\n\n\n\n<p class=\"has-medium-brown-color has-text-color has-link-color wp-elements-98417053d94f75ce64154ea03927d2ef\" style=\"font-size:14px\">\u00b7 La monnaie est le dirham Marocain. Dans les grandes villes, de nombreux distributeurs automatiques sont disponibles pour des retraits en dirhams.<\/p>\n\n\n\n<p class=\"has-medium-brown-color has-text-color has-link-color wp-elements-339c4753066b97d8515805eed6ffd6af\" style=\"font-size:14px\">\u00b7 Aucun vaccin n\u2019est obligatoire pour voyager au Maroc, et dans le d\u00e9sert.<\/p>\n\n\n\n<p class=\"has-medium-brown-color has-text-color has-link-color wp-elements-86b43731bbdd386a81bb5bb92eb2075b\" style=\"font-size:14px\">\u00b7 R\u00e9seau t\u00e9l\u00e9phonique et internet fonctionnent \u00e0 M\u2019Hamid. Une fois dans le d\u00e9sert, seuls quelques endroits captent le r\u00e9seau t\u00e9l\u00e9phonique ou le wifi.<\/p>\n\n\n\n<p class=\"has-medium-brown-color has-text-color has-link-color wp-elements-1041e440ed4389071b5410beed39d7f6\" style=\"font-size:14px\">\u00b7 Aucune recharge d\u2019appareil n\u2019est possible dans le d\u00e9sert (bivouac et trek), il est possible d\u2019opter pour les chargeurs solaires ou voyager avec plusieurs batteries.<\/p>\n\n\n\n<p class=\"has-medium-brown-color has-text-color has-link-color wp-elements-99f47b79ca539ff88c68b2b7472a02ba\" style=\"font-size:14px\">\u00b7 En cas de neige sur le col Tichka (d\u00e9cembre \u00e0 f\u00e9vrier), nous avons la possibilit\u00e9 de rejoindre Marrakech par la route d\u2019Agadir (+4h de route).<\/p>\n\n\n\n<p class=\"has-medium-brown-color has-text-color has-link-color wp-elements-c0f22b3ed85eb337e1d0b9c8af2b8ebb\" style=\"font-size:14px\">\u00b7 Les pourboires sont \u00e0 la libre initiative de chaque trekkeur, et peuvent \u00eatre remis directement \u00e0 l\u2019\u00e9quipe accompagnante.<\/p>\n\n\n\n<p class=\"has-medium-brown-color has-text-color has-link-color wp-elements-cce626b60baec35e90a6672339b1565c\" style=\"font-size:14px\">\u00b7 Le trekkeur est invit\u00e9 \u00e0 s\u2019entrainer \u00e0 la marche avant le d\u00e9part et s\u2019assurer d\u2019\u00eatre correctement \u00e9quip\u00e9.<\/p>\n\n\n\n<p class=\"has-medium-brown-color has-text-color has-link-color wp-elements-5397980a210a47ceb72872a674dcaf2b\" style=\"font-size:20px\"><strong>R\u00e8gles de s\u00e9curit\u00e9 <\/strong><\/p>\n\n\n\n<p class=\"has-medium-brown-color has-text-color has-link-color wp-elements-0e51701b2f54cc8f7d3767bb82acf485\" style=\"font-size:14px\">\u00b7 Ne pas s\u2019\u00e9loigner du campement la nuit sans avertir au moins 1 personne du groupe (perte du sens de l\u2019orientation tr\u00e8s rapidement), ne pas courir &amp; crier \u00e0 proximit\u00e9 des dromadaires<\/p>\n\n\n\n<p class=\"has-medium-brown-color has-text-color has-link-color wp-elements-ea05ba8528c56198ed91abe93f948038\" style=\"font-size:14px\">\u00b7 Evitez d\u2019offrir des pr\u00e9sents sur les sollicitations des enfants (bonbons, stylos\u2026), pr\u00e9f\u00e9rez les remettre \u00e0 un adulte responsable (chef de famille, chef de village, guide\u2026) qui se chargera de la distribution.<\/p>\n\n\n\n<p class=\"has-medium-brown-color has-text-color has-link-color wp-elements-658c90492e038671ed175bed2621480d\" style=\"font-size:14px\">\u00b7 Pr\u00e9voir un retour \u00e0 l\u2019a\u00e9roport de Marrakech 2h00 avant l\u2019heure pr\u00e9vue du d\u00e9collage<\/p>\n\n\n\n<p class=\"has-medium-brown-color has-text-color has-link-color wp-elements-7ade8237854d34d3f7c4825b15760b3f\" style=\"font-size:14px\">\u00b7 Conseil Marrakech : Evitez de suivre les guides de rue (rabatteur) qui promettent une belle adresse de restaurant, visite des tanneries etc\u2026 pr\u00e9f\u00e9rez refuser les tatouages henn\u00e9s de rue\u2026<\/p>\n\n\n\n<p class=\"has-medium-brown-color has-text-color has-link-color wp-elements-80e43729aa7793a78afdcc3e3999e931\" style=\"font-size:14px\">\u00b7 T\u00e9l\u00e9charger (Iphone \/ Andro\u00efd) une des applications : sky view, star walk, ou guide du ciel nocturne et \u00e9toiles\u2026 \u00bb<\/p>\n\n\n\n<p class=\"has-medium-brown-color has-text-color has-link-color wp-elements-301bcf267860f262d46adcfb4b597a84\" style=\"font-size:20px\"><strong>Informations diverses<\/strong><\/p>\n\n\n\n<p class=\"has-medium-brown-color has-text-color has-link-color wp-elements-7ff7416e144aea11c3ed2ef962156249\" style=\"font-size:14px\">Sont fournis : les grandes tentes nomades (nuit\u00e9e collective), des petits matelas, des couvertures en cas de besoin, la tente pour la pr\u00e9paration des repas, le mat\u00e9riel de cuisine, les repas et boissons (th\u00e9) pour toute la dur\u00e9e du trek, l\u2019eau en bouteille.<\/p>\n\n\n\n<p class=\"has-medium-brown-color has-text-color has-link-color wp-elements-23b473f23dbf93ba8a349b20ec6a3a11\" style=\"font-size:14px\">*Si souhait d\u2019une tente priv\u00e9e, nous faire la demande (tente type Queshua 2 \u00e0 3 places)<\/p>\n\n\n\n<p class=\"has-medium-brown-color has-text-color has-link-color wp-elements-113f485a11bdc2a1712b61b4f3cef541\" style=\"font-size:14px\">Le matin, est pr\u00e9vu un petit d\u00e9jeuner \u00ab occidental \u00bb, le d\u00e9jeuner se fait g\u00e9n\u00e9ralement \u00e0 l\u2019ombre d\u2019un Tamaris (repas froid) et le d\u00eener se prend pr\u00e8s du bivouac autour d\u2019un feu (repas chaud). Le th\u00e9 nomade est propos\u00e9 \u00e0 chaque repas. Possibilit\u00e9 d\u2019adapter les repas sur demande (v\u00e9g\u00e9tarien, allergie, intol\u00e9rance\u2026)<\/p>\n\n\n\n<p class=\"has-medium-brown-color has-text-color\" style=\"font-size:14px\">En matin\u00e9e, une pause avec dattes, arachides et\/ou cl\u00e9mentines vous sera propos\u00e9, un temps de repos apr\u00e8s le d\u00e9jeuner vous permettra de reprendre la marche en douceur.<\/p>\n\n\n\n<p class=\"has-medium-brown-color has-text-color has-link-color wp-elements-98a5df9a8ee9b2867ff20ad4a9bb1ea4\" style=\"font-size:14px\">L\u2019eau utilis\u00e9e pour la confection des repas est d\u00e9sinfect\u00e9e.<\/p>\n\n\n\n<p class=\"has-medium-brown-color has-text-color has-link-color wp-elements-ea5246117299a5fe5163ec57b5ec4387\" style=\"font-size:14px\">Pour la boisson, l\u2019eau propos\u00e9e est de l\u2019eau en bouteille. Il est fortement d\u00e9conseill\u00e9 aux trekkeurs de boire l\u2019eau des puits comme les nomades.<\/p>\n\n\n\n<p class=\"has-medium-brown-color has-text-color has-link-color wp-elements-28b17ba6bedc7e62643ff9a3ea2d9b8f\" style=\"font-size:14px\">Les toilettes s\u2019effectuent \u00e0 la discr\u00e9tion du groupe, derri\u00e8re une dune ou un arbuste. Chacun est invit\u00e9 \u00e0 br\u00fbler son papier apr\u00e8s utilisation. Ne pas enfouir le papier dans le sable.<\/p>\n\n\n\n<p class=\"has-medium-brown-color has-text-color has-link-color wp-elements-f7b88cc40f8dac60ac600be2929ddcca\" style=\"font-size:14px\">Un peu d\u2019eau peut \u00eatre propos\u00e9e chaque jour pour une toilette succincte (visage et dents) Le demander \u00e0 l\u2019\u00e9quipe..<\/p>\n\n\n\n<p class=\"has-medium-brown-color has-text-color has-link-color wp-elements-11f1cee5cc18c484fd115802a7f850b7\" style=\"font-size:14px\">Les d\u00e9chets sont br\u00fbl\u00e9s au fur et \u00e0 mesure du trek. Le village ne poss\u00e8de pas de syst\u00e8me de traitement des d\u00e9chets.<\/p>\n","protected":false},"excerpt":{"rendered":"<p>Les formalit\u00e9s \u00b7 Avoir un passeport valide, couvrant la dur\u00e9e du s\u00e9jour. \u00b7 Souscrire \u00e0 une assurance rapatriement &amp; assistance avant votre arriv\u00e9e au Maroc (Certains contrats d\u2019assurances habitations et assurances civiles l\u2019int\u00e8grent ou les cartes bancaires haut de gamme). Prendre la copie de l\u2019attestation pour le voyage. \u00b7 La monnaie est le dirham Marocain. &hellip; <a href=\"https:\/\/cadencedudesert.com\/?page_id=87\" class=\"more-link\">Continue reading<span class=\"screen-reader-text\"> &#8220;Nos conseils&#8221;<\/span><\/a><\/p>\n","protected":false},"author":1,"featured_media":0,"parent":0,"menu_order":0,"comment_status":"closed","ping_status":"closed","template":"","meta":{"footnotes":""},"class_list":["post-87","page","type-page","status-publish","hentry"],"aioseo_notices":[],"_links":{"self":[{"href":"https:\/\/cadencedudesert.com\/index.php?rest_route=\/wp\/v2\/pages\/87","targetHints":{"allow":["GET"]}}],"collection":[{"href":"https:\/\/cadencedudesert.com\/index.php?rest_route=\/wp\/v2\/pages"}],"about":[{"href":"https:\/\/cadencedudesert.com\/index.php?rest_route=\/wp\/v2\/types\/page"}],"author":[{"embeddable":true,"href":"https:\/\/cadencedudesert.com\/index.php?rest_route=\/wp\/v2\/users\/1"}],"replies":[{"embeddable":true,"href":"https:\/\/cadencedudesert.com\/index.php?rest_route=%2Fwp%2Fv2%2Fcomments&post=87"}],"version-history":[{"count":4,"href":"https:\/\/cadencedudesert.com\/index.php?rest_route=\/wp\/v2\/pages\/87\/revisions"}],"predecessor-version":[{"id":2243,"href":"https:\/\/cadencedudesert.com\/index.php?rest_route=\/wp\/v2\/pages\/87\/revisions\/2243"}],"wp:attachment":[{"href":"https:\/\/cadencedudesert.com\/index.php?rest_route=%2Fwp%2Fv2%2Fmedia&parent=87"}],"curies":[{"name":"wp","href":"https:\/\/api.w.org\/{rel}","templated":true}]}}